[INFO] cloning repository https://github.com/baik-lang/baik-next
[INFO] running `Command { std: "git" "-c" "credential.helper=" "-c" "credential.helper=/workspace/cargo-home/bin/git-credential-null" "clone" "--bare" "https://github.com/baik-lang/baik-next" "/workspace/cache/git-repos/https%3A%2F%2Fgithub.com%2Fbaik-lang%2Fbaik-next", kill_on_drop: false }`
[INFO] [stderr] Cloning into bare repository '/workspace/cache/git-repos/https%3A%2F%2Fgithub.com%2Fbaik-lang%2Fbaik-next'...
[INFO] running `Command { std: "git" "rev-parse" "HEAD", kill_on_drop: false }`
[INFO] [stdout] 7adb67d7302197bf2ef788e4efa294418d02cb6b
[INFO] checking baik-lang/baik-next against master#e6e4f7ed1589e03bc2f6c5931c1a72e7947e8682 for beta-170-4
[INFO] running `Command { std: "git" "clone" "/workspace/cache/git-repos/https%3A%2F%2Fgithub.com%2Fbaik-lang%2Fbaik-next" "/workspace/builds/worker-5-tc2/source", kill_on_drop: false }`
[INFO] [stderr] Cloning into '/workspace/builds/worker-5-tc2/source'...
[INFO] [stderr] done.
[INFO] validating manifest of git repo https://github.com/baik-lang/baik-next on toolchain e6e4f7ed1589e03bc2f6c5931c1a72e7947e8682
[INFO] running `Command { std: CARGO_HOME="/workspace/cargo-home" RUSTUP_HOME="/workspace/rustup-home" "/workspace/cargo-home/bin/cargo" "+e6e4f7ed1589e03bc2f6c5931c1a72e7947e8682" "metadata" "--manifest-path" "Cargo.toml" "--no-deps", kill_on_drop: false }`
[INFO] started tweaking git repo https://github.com/baik-lang/baik-next
[INFO] finished tweaking git repo https://github.com/baik-lang/baik-next
[INFO] tweaked toml for git repo https://github.com/baik-lang/baik-next written to /workspace/builds/worker-5-tc2/source/Cargo.toml
[INFO] crate git repo https://github.com/baik-lang/baik-next already has a lockfile, it will not be regenerated
[INFO] running `Command { std: CARGO_HOME="/workspace/cargo-home" RUSTUP_HOME="/workspace/rustup-home" "/workspace/cargo-home/bin/cargo" "+e6e4f7ed1589e03bc2f6c5931c1a72e7947e8682" "fetch" "--manifest-path" "Cargo.toml", kill_on_drop: false }`
[INFO] running `Command { std: "docker" "create" "-v" "/var/lib/crater-agent-workspace/builds/worker-5-tc2/target:/opt/rustwide/target:rw,Z" "-v" "/var/lib/crater-agent-workspace/builds/worker-5-tc2/source:/opt/rustwide/workdir:ro,Z" "-v" "/var/lib/crater-agent-workspace/cargo-home:/opt/rustwide/cargo-home:ro,Z" "-v" "/var/lib/crater-agent-workspace/rustup-home:/opt/rustwide/rustup-home:ro,Z" "-e" "SOURCE_DIR=/opt/rustwide/workdir" "-e" "CARGO_TARGET_DIR=/opt/rustwide/target" "-e" "CARGO_HOME=/opt/rustwide/cargo-home" "-e" "RUSTUP_HOME=/opt/rustwide/rustup-home" "-w" "/opt/rustwide/workdir" "-m" "1610612736" "--user" "0:0" "--network" "none" "ghcr.io/rust-lang/crates-build-env/linux@sha256:5ff2268d62e97bff2cde7d5815dd6ed5b47097566f13b8d0ca110b04b60e07ed" "/opt/rustwide/cargo-home/bin/cargo" "+e6e4f7ed1589e03bc2f6c5931c1a72e7947e8682" "metadata" "--no-deps" "--format-version=1", kill_on_drop: false }`
[INFO] [stdout] 68ee2f1a28d0b41f8a04dd401bfb8a686cc2ddfc284c52f40dfeaec8a0d59bcf
[INFO] running `Command { std: "docker" "start" "-a" "68ee2f1a28d0b41f8a04dd401bfb8a686cc2ddfc284c52f40dfeaec8a0d59bcf", kill_on_drop: false }`
[INFO] running `Command { std: "docker" "inspect" "68ee2f1a28d0b41f8a04dd401bfb8a686cc2ddfc284c52f40dfeaec8a0d59bcf", kill_on_drop: false }`
[INFO] running `Command { std: "docker" "rm" "-f" "68ee2f1a28d0b41f8a04dd401bfb8a686cc2ddfc284c52f40dfeaec8a0d59bcf", kill_on_drop: false }`
[INFO] [stdout] 68ee2f1a28d0b41f8a04dd401bfb8a686cc2ddfc284c52f40dfeaec8a0d59bcf
[INFO] running `Command { std: "docker" "create" "-v" "/var/lib/crater-agent-workspace/builds/worker-5-tc2/target:/opt/rustwide/target:rw,Z" "-v" "/var/lib/crater-agent-workspace/builds/worker-5-tc2/source:/opt/rustwide/workdir:ro,Z" "-v" "/var/lib/crater-agent-workspace/cargo-home:/opt/rustwide/cargo-home:ro,Z" "-v" "/var/lib/crater-agent-workspace/rustup-home:/opt/rustwide/rustup-home:ro,Z" "-e" "SOURCE_DIR=/opt/rustwide/workdir" "-e" "CARGO_TARGET_DIR=/opt/rustwide/target" "-e" "CARGO_INCREMENTAL=0" "-e" "RUST_BACKTRACE=full" "-e" "RUSTFLAGS=--cap-lints=forbid" "-e" "RUSTDOCFLAGS=--cap-lints=forbid" "-e" "CARGO_HOME=/opt/rustwide/cargo-home" "-e" "RUSTUP_HOME=/opt/rustwide/rustup-home" "-w" "/opt/rustwide/workdir" "-m" "1610612736" "--user" "0:0" "--network" "none" "ghcr.io/rust-lang/crates-build-env/linux@sha256:5ff2268d62e97bff2cde7d5815dd6ed5b47097566f13b8d0ca110b04b60e07ed" "/opt/rustwide/cargo-home/bin/cargo" "+e6e4f7ed1589e03bc2f6c5931c1a72e7947e8682" "check" "--frozen" "--all" "--all-targets" "--message-format=json", kill_on_drop: false }`
[INFO] [stdout] 24ffedfe39e1b148bedc8b7f4808fd58f5768d0c6167305b61642da10ad88fd4
[INFO] running `Command { std: "docker" "start" "-a" "24ffedfe39e1b148bedc8b7f4808fd58f5768d0c6167305b61642da10ad88fd4", kill_on_drop: false }`
[INFO] [stderr]    Compiling ucd-trie v0.1.1
[INFO] [stderr]    Compiling serde v1.0.89
[INFO] [stderr]    Compiling maplit v1.0.1
[INFO] [stderr]     Checking quick-error v1.2.2
[INFO] [stderr]    Compiling syn v0.15.27
[INFO] [stderr]    Compiling pest v2.1.1
[INFO] [stderr]    Compiling pest_meta v2.1.0
[INFO] [stderr]    Compiling pest_generator v2.1.0
[INFO] [stderr]    Compiling pest_derive v2.1.0
[INFO] [stderr]     Checking serde_json v1.0.39
[INFO] [stderr]     Checking baik v10.0.0 (/opt/rustwide/workdir)
[INFO] [stdout] warning: unused import: `eval`
[INFO] [stdout]  --> src/core/interpreter.rs:3:13
[INFO] [stdout]   |
[INFO] [stdout] 3 | use crate::{eval};
[INFO] [stdout]   |             ^^^^
[INFO] [stdout]   |
[INFO] [stdout]   = note: `#[warn(unused_imports)]` on by default
[INFO] [stdout] 
[INFO] [stdout] 
[INFO] [stdout] warning: unused import: `eval`
[INFO] [stdout]  --> src/core/interpreter.rs:3:13
[INFO] [stdout]   |
[INFO] [stdout] 3 | use crate::{eval};
[INFO] [stdout]   |             ^^^^
[INFO] [stdout]   |
[INFO] [stdout]   = note: `#[warn(unused_imports)]` on by default
[INFO] [stdout] 
[INFO] [stdout] 
[INFO] [stdout] warning: trait objects without an explicit `dyn` are deprecated
[INFO] [stdout]   --> src/lib.rs:42:25
[INFO] [stdout]    |
[INFO] [stdout] 42 | pub type Compiled = Box<Fn(&[Context], &Functions) -> Result<Value, Error>>;
[INFO] [stdout]    |                         ^^^^^^^^^^^^^^^^^^^^^^^^^^^^^^^^^^^^^^^^^^^^^^^^^^
[INFO] [stdout]    |
[INFO] [stdout]    = warning: this is accepted in the current edition (Rust 2018) but is a hard error in Rust 2021!
[INFO] [stdout]    = note: for more information, see <https://doc.rust-lang.org/nightly/edition-guide/rust-2021/warnings-promoted-to-error.html>
[INFO] [stdout]    = note: `#[warn(bare_trait_objects)]` on by default
[INFO] [stdout] help: use `dyn`
[INFO] [stdout]    |
[INFO] [stdout] 42 | pub type Compiled = Box<dyn Fn(&[Context], &Functions) -> Result<Value, Error>>;
[INFO] [stdout]    |                         +++
[INFO] [stdout] 
[INFO] [stdout] 
[INFO] [stdout] warning: trait objects without an explicit `dyn` are deprecated
[INFO] [stdout]  --> src/function/function.rs:9:23
[INFO] [stdout]   |
[INFO] [stdout] 9 |     pub compiled: Box<Fn(Vec<Value>) -> Result<Value, Error> + Sync + Send>,
[INFO] [stdout]   |                       ^^^^^^^^^^^^^^^^^^^^^^^^^^^^^^^^^^^^^^^^^^^^^^^^^^^^
[INFO] [stdout]   |
[INFO] [stdout]   = warning: this is accepted in the current edition (Rust 2018) but is a hard error in Rust 2021!
[INFO] [stdout]   = note: for more information, see <https://doc.rust-lang.org/nightly/edition-guide/rust-2021/warnings-promoted-to-error.html>
[INFO] [stdout] help: use `dyn`
[INFO] [stdout]   |
[INFO] [stdout] 9 |     pub compiled: Box<dyn Fn(Vec<Value>) -> Result<Value, Error> + Sync + Send>,
[INFO] [stdout]   |                       +++
[INFO] [stdout] 
[INFO] [stdout] 
[INFO] [stdout] warning: trait objects without an explicit `dyn` are deprecated
[INFO] [stdout]   --> src/lib.rs:42:25
[INFO] [stdout]    |
[INFO] [stdout] 42 | pub type Compiled = Box<Fn(&[Context], &Functions) -> Result<Value, Error>>;
[INFO] [stdout]    |                         ^^^^^^^^^^^^^^^^^^^^^^^^^^^^^^^^^^^^^^^^^^^^^^^^^^
[INFO] [stdout]    |
[INFO] [stdout]    = warning: this is accepted in the current edition (Rust 2018) but is a hard error in Rust 2021!
[INFO] [stdout]    = note: for more information, see <https://doc.rust-lang.org/nightly/edition-guide/rust-2021/warnings-promoted-to-error.html>
[INFO] [stdout]    = note: `#[warn(bare_trait_objects)]` on by default
[INFO] [stdout] help: use `dyn`
[INFO] [stdout]    |
[INFO] [stdout] 42 | pub type Compiled = Box<dyn Fn(&[Context], &Functions) -> Result<Value, Error>>;
[INFO] [stdout]    |                         +++
[INFO] [stdout] 
[INFO] [stdout] 
[INFO] [stdout] warning: trait objects without an explicit `dyn` are deprecated
[INFO] [stdout]  --> src/function/function.rs:9:23
[INFO] [stdout]   |
[INFO] [stdout] 9 |     pub compiled: Box<Fn(Vec<Value>) -> Result<Value, Error> + Sync + Send>,
[INFO] [stdout]   |                       ^^^^^^^^^^^^^^^^^^^^^^^^^^^^^^^^^^^^^^^^^^^^^^^^^^^^
[INFO] [stdout]   |
[INFO] [stdout]   = warning: this is accepted in the current edition (Rust 2018) but is a hard error in Rust 2021!
[INFO] [stdout]   = note: for more information, see <https://doc.rust-lang.org/nightly/edition-guide/rust-2021/warnings-promoted-to-error.html>
[INFO] [stdout] help: use `dyn`
[INFO] [stdout]   |
[INFO] [stdout] 9 |     pub compiled: Box<dyn Fn(Vec<Value>) -> Result<Value, Error> + Sync + Send>,
[INFO] [stdout]   |                       +++
[INFO] [stdout] 
[INFO] [stdout] 
[INFO] [stdout] error[E0170]: pattern binding `function` is named the same as one of the variants of the type `core::interpreter::Rule`
[INFO] [stdout]   --> src/core/interpreter.rs:13:13
[INFO] [stdout]    |
[INFO] [stdout] 13 |             function => {
[INFO] [stdout]    |             ^^^^^^^^ help: to match on the variant, qualify the path: `core::interpreter::Rule::function`
[INFO] [stdout]    |
[INFO] [stdout]    = note: `#[deny(bindings_with_variant_name)]` on by default
[INFO] [stdout] 
[INFO] [stdout] 
[INFO] [stdout] error[E0170]: pattern binding `EOI` is named the same as one of the variants of the type `core::interpreter::Rule`
[INFO] [stdout]   --> src/core/interpreter.rs:17:13
[INFO] [stdout]    |
[INFO] [stdout] 17 |             EOI => {
[INFO] [stdout]    |             ^^^ help: to match on the variant, qualify the path: `core::interpreter::Rule::EOI`
[INFO] [stdout] 
[INFO] [stdout] 
[INFO] [stdout] warning: unreachable pattern
[INFO] [stdout]   --> src/core/interpreter.rs:17:13
[INFO] [stdout]    |
[INFO] [stdout] 13 |             function => {
[INFO] [stdout]    |             -------- matches any value
[INFO] [stdout] ...
[INFO] [stdout] 17 |             EOI => {
[INFO] [stdout]    |             ^^^ unreachable pattern
[INFO] [stdout]    |
[INFO] [stdout]    = note: `#[warn(unreachable_patterns)]` on by default
[INFO] [stdout] 
[INFO] [stdout] 
[INFO] [stdout] warning: unreachable pattern
[INFO] [stdout]   --> src/core/interpreter.rs:21:13
[INFO] [stdout]    |
[INFO] [stdout] 13 |             function => {
[INFO] [stdout]    |             -------- matches any value
[INFO] [stdout] ...
[INFO] [stdout] 21 |             _ => {
[INFO] [stdout]    |             ^ unreachable pattern
[INFO] [stdout] 
[INFO] [stdout] 
[INFO] [stdout] warning: unused variable: `function`
[INFO] [stdout]   --> src/core/interpreter.rs:13:13
[INFO] [stdout]    |
[INFO] [stdout] 13 |             function => {
[INFO] [stdout]    |             ^^^^^^^^ help: if this is intentional, prefix it with an underscore: `_function`
[INFO] [stdout]    |
[INFO] [stdout]    = note: `#[warn(unused_variables)]` on by default
[INFO] [stdout] 
[INFO] [stdout] 
[INFO] [stdout] warning: unused variable: `EOI`
[INFO] [stdout]   --> src/core/interpreter.rs:17:13
[INFO] [stdout]    |
[INFO] [stdout] 17 |             EOI => {
[INFO] [stdout]    |             ^^^ help: if this is intentional, prefix it with an underscore: `_EOI`
[INFO] [stdout] 
[INFO] [stdout] 
[INFO] [stdout] error[E0170]: pattern binding `function` is named the same as one of the variants of the type `core::interpreter::Rule`
[INFO] [stdout]   --> src/core/interpreter.rs:13:13
[INFO] [stdout]    |
[INFO] [stdout] 13 |             function => {
[INFO] [stdout]    |             ^^^^^^^^ help: to match on the variant, qualify the path: `core::interpreter::Rule::function`
[INFO] [stdout]    |
[INFO] [stdout]    = note: `#[deny(bindings_with_variant_name)]` on by default
[INFO] [stdout] 
[INFO] [stdout] 
[INFO] [stdout] error[E0170]: pattern binding `EOI` is named the same as one of the variants of the type `core::interpreter::Rule`
[INFO] [stdout]   --> src/core/interpreter.rs:17:13
[INFO] [stdout]    |
[INFO] [stdout] 17 |             EOI => {
[INFO] [stdout]    |             ^^^ help: to match on the variant, qualify the path: `core::interpreter::Rule::EOI`
[INFO] [stdout] 
[INFO] [stdout] 
[INFO] [stdout] warning: unreachable pattern
[INFO] [stdout]   --> src/core/interpreter.rs:17:13
[INFO] [stdout]    |
[INFO] [stdout] 13 |             function => {
[INFO] [stdout]    |             -------- matches any value
[INFO] [stdout] ...
[INFO] [stdout] 17 |             EOI => {
[INFO] [stdout]    |             ^^^ unreachable pattern
[INFO] [stdout]    |
[INFO] [stdout]    = note: `#[warn(unreachable_patterns)]` on by default
[INFO] [stdout] 
[INFO] [stdout] 
[INFO] [stdout] warning: unreachable pattern
[INFO] [stdout]   --> src/core/interpreter.rs:21:13
[INFO] [stdout]    |
[INFO] [stdout] 13 |             function => {
[INFO] [stdout]    |             -------- matches any value
[INFO] [stdout] ...
[INFO] [stdout] 21 |             _ => {
[INFO] [stdout]    |             ^ unreachable pattern
[INFO] [stdout] 
[INFO] [stdout] 
[INFO] [stdout] warning: unused variable: `function`
[INFO] [stdout]   --> src/core/interpreter.rs:13:13
[INFO] [stdout]    |
[INFO] [stdout] 13 |             function => {
[INFO] [stdout]    |             ^^^^^^^^ help: if this is intentional, prefix it with an underscore: `_function`
[INFO] [stdout]    |
[INFO] [stdout]    = note: `#[warn(unused_variables)]` on by default
[INFO] [stdout] 
[INFO] [stdout] 
[INFO] [stdout] warning: unused variable: `EOI`
[INFO] [stdout]   --> src/core/interpreter.rs:17:13
[INFO] [stdout]    |
[INFO] [stdout] 17 |             EOI => {
[INFO] [stdout]    |             ^^^ help: if this is intentional, prefix it with an underscore: `_EOI`
[INFO] [stdout] 
[INFO] [stdout] 
[INFO] [stdout] warning: variable `EOI` should have a snake case name
[INFO] [stdout]   --> src/core/interpreter.rs:17:13
[INFO] [stdout]    |
[INFO] [stdout] 17 |             EOI => {
[INFO] [stdout]    |             ^^^ help: convert the identifier to snake case: `eoi`
[INFO] [stdout]    |
[INFO] [stdout]    = note: `#[warn(non_snake_case)]` on by default
[INFO] [stdout] 
[INFO] [stdout] 
[INFO] [stdout] warning: variable `EOI` should have a snake case name
[INFO] [stdout]   --> src/core/interpreter.rs:17:13
[INFO] [stdout]    |
[INFO] [stdout] 17 |             EOI => {
[INFO] [stdout]    |             ^^^ help: convert the identifier to snake case: `eoi`
[INFO] [stdout]    |
[INFO] [stdout]    = note: `#[warn(non_snake_case)]` on by default
[INFO] [stdout] 
[INFO] [stdout] 
[INFO] [stdout] error: aborting due to 2 previous errors; 8 warnings emitted
[INFO] [stdout] 
[INFO] [stdout] 
[INFO] [stdout] For more information about this error, try `rustc --explain E0170`.
[INFO] [stdout] 
[INFO] [stdout] error: aborting due to 2 previous errors; 8 warnings emitted
[INFO] [stdout] 
[INFO] [stdout] 
[INFO] [stdout] For more information about this error, try `rustc --explain E0170`.
[INFO] [stdout] 
[INFO] [stderr] error: could not compile `baik` (lib test) due to 3 previous errors; 8 warnings emitted
[INFO] [stderr] warning: build failed, waiting for other jobs to finish...
[INFO] [stderr] error: could not compile `baik` (lib) due to 3 previous errors; 8 warnings emitted
[INFO] running `Command { std: "docker" "inspect" "24ffedfe39e1b148bedc8b7f4808fd58f5768d0c6167305b61642da10ad88fd4", kill_on_drop: false }`
[INFO] running `Command { std: "docker" "rm" "-f" "24ffedfe39e1b148bedc8b7f4808fd58f5768d0c6167305b61642da10ad88fd4", kill_on_drop: false }`
[INFO] [stdout] 24ffedfe39e1b148bedc8b7f4808fd58f5768d0c6167305b61642da10ad88fd4
